 Determine k(1).
-384
Let i(h) = 18*h + 13. Give i(-5).
-77
Let b(d) = -27*d - 144. Give b(-8).
72
Let d(y) = 18*y**2 + 107*y - 5. What is d(-5)?
-90
Let d(m) = -m**3 + 23*m**2 + 42*m + 97. Give d(25).
-103
Let x(q) = 2*q**2 - 73*q - 829. Calculate x(-9).
-10
Let c(o) = 107*o + 8560. Determine c(-80).
0
Let k(m) = m**2 + 9*m - 442. Calculate k(-28).
90
Let m(z) = z**3 + 50*z**2 - 102*z + 33. Calculate m(-52).
-71
Let o(w) = 27*w + 74. What is o(10)?
344
Let p(y) = -y**3 - 20*y**2 - 21*y - 8. Calculate p(-19).
30
Let i(n) = n**3 - 54*n**2 - 334*n - 498. Determine i(-3).
-9
Let m(l) = -5*l**2 + 656*l + 6310. What is m(-9)?
1
Let f(z) = -33*z + 1436. Determine f(43).
17
Let v(d) = -d**2 + 95*d - 1867. Calculate v(67).
9
Let p(u) = -89*u + 4633. Determine p(52).
5
Let b(x) = 40*x**2 - 7*x + 9. Give b(1).
42
Let f(y) = -108*y - 1272. What is f(-13)?
132
Let o(g) = -17*g - 622. Calculate o(-29).
-129
Let f(a) = -13*a + 800. Give f(75).
-175
Let k(s) = -3*s**2 + 261*s - 252. Calculate k(86).
6
Let j(n) = -n**3 + 11*n**2 - 53*n + 437. What is j(10)?
7
Let k(a) = 5*a**3 + 184*a**2 - 40*a - 148. Calculate k(-37).
-37
Let q(o) = -3*o**2 + 56*o - 27. Give q(19).
-46
Let g(s) = 2*s**3 - 73*s**2 + 102*s + 102. Give g(35).
-3
Let i(v) = -44*v - 25. Determine i(1).
-69
Let l(h) = 4*h**2 + 277*h - 257. Determine l(-70).
-47
Let q(w) = 2*w**2 - 23*w + 14. Determine q(16).
158
Let d(k) = 25*k - 894. What is d(41)?
131
Let q(a) = -48*a + 426. Give q(16).
-342
Let j(w) = -335*w - 2232. Determine j(-7).
113
Let i(q) = -q**2 + 61*q - 277. Give i(5).
3
Let b(h) = 3275*h + 16380. What is b(-5)?
5
Let v(l) = -196*l - 2205. Give v(-11).
-49
Let m(j) = -27*j**2 + 1970*j + 146. What is m(73)?
73
Let t(p) = p**3 - 50*p**2 - 121*p + 914. What is t(52)?
30
Let i(c) = -3*c**2 + 289*c - 92. What is i(96)?
4
Let l(n) = 2*n**2 - 29*n - 23. What is l(16)?
25
Let c(y) = -60*y + 1811. Calculate c(31).
-49
Let d(c) = -c**3 - 9*c**2 - 14*c + 49. Determine d(-5).
19
Let c(w) = -4*w**3 + 2*w**2 - w - 99. What is c(0)?
-99
Let d(l) = -2*l**3 - 2*l**2 + l - 7. What is d(-3)?
26
Let o(b) = -b**2 - 180*b - 527. Determine o(-177).
4
Let n(w) = -w**2 + 6920*w + 13840. Calculate n(-2).
-4
Let s(o) = -425*o + 5957. Determine s(14).
7
Let o(v) = -2*v + 123. Calculate o(26).
71
Let l(w) = w**2 + 14*w - 501. Give l(19).
126
Let y(u) = -118*u**2 + 350*u + 2. What is y(3)?
-10
Let b(f) = -3*f**3 + 100*f**2 - 42*f + 66. Determine b(33).
-231
Let q(g) = -4*g**2 + 289*g + 154. Give q(73).
-65
Let i(o) = o**2 - 849*o - 9503. What is i(-11)?
-43
Let n(u) = -4*u**2 - 43*u - 101. Calculate n(-11).
-112
Let f(t) = -270*t**3 + 4*t**2 - 9*t + 4. What is f(1)?
-271
Let f(g) = -7*g**2 - 53*g + 294. What is f(4)?
-30
Let l(o) = 45*o - 747. Give l(10).
-297
Let h(f) = -f**2 + 132*f - 2633. Determine h(108).
-41
Let m(s) = -1149*s**2 + 4594*s + 1. Determine m(4).
-7
Let l(p) = p**3 - 64*p**2 + 829*p - 43. Determine l(46).
3
Let s(i) = -144*i + 4248. Determine s(29).
72
Let r(o) = -73*o + 369. Determine r(5).
4
Let x(k) = 9*k**3 + k**2 - 30*k - 92. Determine x(-3).
-236
Let a(l) = 2*l**2 - 149*l + 2293. What is a(23)?
-76
Let t(l) = -516*l - 2573. Determine t(-5).
7
Let l(q) = 14*q**2 - 63. Give l(0).
-63
Let m(i) = i**3 - 57*i**2 - 63*i - 3236. Calculate m(59).
9
Let s(w) = -w**2 + 350*w + 1417. Give s(-4).
1
Let b(r) = 2546*r - 38202. Calculate b(15).
-12
Let q(b) = b**3 + 3*b**2 - 20*b + 735. Calculate q(0).
735
Let p(f) = f**2 - 54*f + 336. What is p(9)?
-69
Let x(r) = -r**2 + 59*r - 546. What is x(48)?
-18
Let a(i) = 8*i**2 + 5*i - 6. Determine a(-3).
51
Let m(g) = 225*g + 2279. Calculate m(-11).
-196
Let w(d) = -3*d**2 + 41*d + 28. Determine w(13).
54
Let b(j) = 44*j - 1145. Determine b(16).
-441
Let p(b) = -18*b**2 + 76*b - 4. What is p(4)?
12
Let x(y) = 5*y**2 + 8*y + 31. Determine x(-8).
287
Let x(y) = 996*y - 12955. Calculate x(13).
-7
Let k(m) = 30*m - 876. Give k(29).
-6
Let d(n) = 2*n**3 + 7*n**2 + 14*n + 10. What is d(-3)?
-23
Let f(d) = d**2 + 18*d + 77. Give f(-10).
-3
Let h(i) = 3*i**2 - 97. Determine h(0).
-97
Let c(o) = 13*o + 182. What is c(-5)?
117
Let m(c) = -25*c**2 + 2*c + 2. Calculate m(1).
-21
Let a(o) = -28377*o - 56747. Determine a(-2).
7
Let l(v) = 88*v**2 + 529*v + 5. What is l(-6)?
-1
Let j(i) = i**3 + 100*i**2 + 201*i + 487. Determine j(-98).
-3
Let k(y) = 825*y - 2478. Give k(3).
-3
Let n(b) = -20*b**2 - 105*b - 98. Give n(-1).
-13
Let w(a) = -4*a**3 - 10*a**2 - 22*a - 17. Calculate w(-3).
67
Let o(w) = 40*w + 1239. Give o(-31).
-1
Let d(c) = c**3 - 16*c**2 - 10*c - 88. Determine d(17).
31
Let i(o) = -2*o**3 - 23*o**2 + 40*o + 66. What is i(-13)?
53
Let q(a) = -3*a**2 - 6*a + 60. Determine q(-6).
-12
Let t(a) = 2*a**2 - 22*a + 41. Determine t(3).
-7
Let k(s) = 84*s - 508. What is k(7)?
80
Let h(o) = -619*o - 2476. Calculate h(-4).
0
Let z(f) = 3*f**2 + 52*f + 213. Determine z(-7).
-4
Let n(t) = -30*t - 520. Give n(-17).
-10
Let k(u) = -2*u**3 + 3*u**2 + 4*u + 9. What is k(3)?
-6
Let p(b) = 2*b**3 + 11*b**2 - 5*b - 58. Calculate p(-5).
-8
Let v(a) = -2*a**3 - a**2 - 2*a. What is v(-1)?
3
Let l(m) = -28*m**2 + 164*m + 16. Calculate l(6).
-8
Let t(h) = -h**2 - 39*h - 220. Give t(-31).
28
Let y(r) = -102*r - 2138. What is y(-21)?
4
Let d(i) = 6*i**3 - 38*i**2 - 50*i + 150. Determine d(7).
-4
Let o(l) = l**3 - 72*l**2 - 70*l - 230. What is o(73)?
-11
Let c(j) = -21*j + 1763. Determine c(82).
41
Let p(c) = 12*c**2 - 34*c + 125. What is p(6)?
353
Let n(t) = 144*t - 1732. What is n(12)?
-4
Let m(t) = 400*t - 2818. Calculate m(7).
-18
Let s(w) = -191*w + 3065. Determine s(16).
9
Let f(b) = -69*b - 42. What is f(2)?
-180
Let y(w) = -179*w - 1026. What is y(-7)?
227
Let i(z) = -40*z + 1448. Calculate i(36).
8
Let i(l) = l**3 + 49*l**2 - 33*l + 840. Determine i(-50).
-10
Let a(g) = 11*g + 181. Determine a(-18).
-17
Let i(t) = 8*t**2 + 442*t + 443. Give i(-1).
9
Let o(i) = -37*i + 5247. Calculate o(141).
30
Let z(a) = -2728*a + 171864. What is z(63)?
0
Let y(n) = 5*n**3 - 5*n**2 + 21*n - 3. What is y(4)?
321
Let x(w) = -8972*w - 35896. Give x(-4).
-8
Let c(x) = 654*x + 664. Determine c(-1).
10
Let r(n) = -17*n + 1236. Calculate r(74).
-22
Let g(z) = 102*z**2 - 12*z - 10. Calculate g(-1).
104
Let f(l) = -15*l**2 + 14*l - 5. Determine f(3).
-98
Let i(k) = -22*k - 111. Give i(9).
-309
Let l(v) = -2*v**2 - 77*v - 112. What is l(-37)?
-1
Let x(b) = 65*b + 452. Calculate x(-8).
-68
Let n(q) = q**3 + 3*q**2 - 10*q - 50. Determine n(-8).
-290
Let w(f) = f**3 - 25*f**2 + 28*f + 105. What is w(24)?
201
Let o(c) = c**2 + 75*c + 410. What is o(-69)?
-4
Let y(q) = 4*q**2 + 29*q + 192. Give y(-11).
357
Let i(s) = -2*s**2 - 43*s + 6. Calculate i(3).
-141
Let y(x) = -2*x**3 + 34*x**2 + 13*x + 40. Determine y(18).
-374
Let j(b) = 11*b**3 - 7*b + 8. Give j(1).
12
Let y(m) = -54*m + 149. Calculate y(3).
-13
Let x(c) = -15*c**2 - 154*c + 61. Give x(-11).
-60
Let a(c) = -c**3 - 18*c**2 - 28*c + 48. Give a(-16).
-16
Let x(t) = 273*t - 58. Determine x(1).
215
Let z(a) = -8*a**3 - 61*a**2 - 6*a + 14. Calculate z(-7).
-189
Let d(u) = 3*u**2 - 5*u - 10. Determine d(10).
240
Let g(c) = -76*c + 15. Determine g(4).
-289
Let r(s) = 289*s + 4344. Give r(-15).
9
Let x(v) = -2*v**3 - 94*v**2 + 95*v - 49. Calculate x(-48).
-1
Let v(f) = f**2 + 77*f - 4513. Give v(39).
11
Let h(z) = z**3 - 79*z**2 + 643*z - 137. Calculate h(9).
-20
Let a(l) = -2*l**2 + 727*l + 5948. Calculate a(-8).
4
Let y(z) = 61*z + 976. What is y(-16)?
0
Let s(b) = -31*b**2 - 86*b + 40. What is s(-3)?
19
Let u(c) = 70*c + 2478. Calculate u(-27).
588
Let k(b) = 2*b**3 - 118*b**2 - 246*b + 121. Calculate k(61).
-1
Let v(w) = -108*w - 3783. Calculate v(-35).
-3
Let t(q) = q**2 - 84*q + 1474. Give t(25).
-1
Let m(s) = -s**2 + 17*s - 45. Calculate m(5).
15
Let n(b) = 5*b**3 - 11*b**2 + 10*b - 2. Give n(3).
64
Let o(b) = 2010*b + 6033. Determine o(-3).
3
Let z(o) = -o**2 - 21*o + 273. Determine z(-31).
-37
Let l(y) = -600*y + 5417. What is l(9)?
17
Let i(z) = -49*z**2 + 5203*z - 957. What is i(106)?
-3
Let r(h) = 577*h**3 + 33*h**2 + 33*h. What is r(-1)?
-577
Let r(v) = -3*v**2 + 513*v - 1027. Calculate r(2).
-13
Let c(l) = -10*l + 8. What is c(-19)?
198
Let d(t) = t**3 - 75*t**2 + 74*t - 106. Calculate d(74).
-106
Let b(m) = -m**2 + 117*m + 5090. What is b(1